n divisor of 13 and h?
13
Let o(y) = -y**2 + y + 48. Let q be o(0). Let r = 24 - 16. Calculate the highest common factor of r and q.
8
Suppose -120 = -15*a + 5*a. Calculate the highest common factor of a and 28.
4
Let q = 82 - 58. Let y be -39*2*-1*1/3. Let i be (-1 + y/10)/(6/60). Calculate the highest common divisor of i and q.
8
Suppose -49 = -4*v + 3. What is the highest common factor of v and 169?
13
Let h be 810*(5/(75/(-84)) + 6). Calculate the highest common divisor of h and 4.
4
Let o(s) = -7*s. Let u be o(-4). Suppose -u + 232 = 3*q. Let c = q + -24. What is the greatest common factor of c and 4?
4
Suppose c + 4*c + 2*v = 302, 5*c = -5*v + 290. Suppose i - c = -i. Calculate the highest common divisor of i and 62.
31
Let u be 0 + 5 + -2 - -3. Let p(x) = x - 8. Let g be p(u). Let o(h) = 8*h**2 + 2*h - 1. Let q be o(g). What is the highest common factor of 3 and q?
3
Suppose -2*b = -2*f - 12, 3*b = 2*f + 15 - 0. Let i be 27/12 + f/12. What is the highest common divisor of i and 3?
1
Suppose 12*i + 2604 = 16*i. Calculate the greatest common factor of 21 and i.
21
Suppose 0 = 5*k + 14 - 24. What is the greatest common divisor of k and 1?
1
Let b(t) = t**2 - 15*t + 108. Let h be b(15). What is the greatest common factor of 81 and h?
27
Let d(k) = 160*k - 484. Let z be d(17). Calculate the greatest common divisor of z and 26.
26
Let t(f) = 7*f - 9. Let x be t(6). Suppose -5*m + 2*m = 5*s - 8, -2*s + 3*m = -20. Let q be (-264)/42*(-14)/s. Calculate the greatest common factor of x and q.
11
Let u be (5952/30)/4 + (-4)/(-10). What is the greatest common divisor of 100 and u?
50
Let k(m) = -m**3 - 15*m**2 - 16*m + 17. Let p be k(-14). Let l(u) = 8*u - 1. Let r be l(-3). Let v = r + p. Calculate the highest common divisor of v and 8.
4
Let i = -238 + 445. What is the highest common factor of i and 1173?
69
Let g = 10 - 12. Let w be (12/4 + g)*-7. Let k = 2 - w. Calculate the highest common factor of k and 36.
9
Let r(n) = -n**3 + 6*n**2 + 16*n - 12. Let i be r(8). Let h be (-4)/i + ((-1506)/(-9))/2. Calculate the greatest common factor of 12 and h.
12
Suppose -3*y = -4*f + y + 624, -2*y - 4 = 0. Let q = f - 70. Calculate the highest common divisor of 12 and q.
12
Suppose 18 - 2 = 4*c, z - 202 = -5*c. What is the greatest common factor of 98 and z?
14
Let h be 1*(-4 + -1 + 5). Suppose -2*v + 3*i - 4*i + 135 = h, 5*i + 105 = 2*v. Let x be (-26)/v - (-64)/10. What is the greatest common divisor of x and 24?
6
Let i = 206 - 142. What is the greatest common factor of 320 and i?
64
Suppose 4*r - 4*b + 12 = 0, 2*r + 5*b = -0*b + 15. Suppose r = 13*o - 14*o + 26. What is the highest common factor of 13 and o?
13
Let c be (56/(-77))/(-8) - (-1580)/44. Calculate the highest common divisor of c and 369.
9
Let n = -50 - -56. Let s be n/(-2)*-1 - -75 - 3. What is the greatest common divisor of s and 15?
15
Let i be (3 - -7)/(1*2). Suppose -5 = i*l, -v + 0*l + l = -23. Suppose 321*c - 312*c = 297. Calculate the highest common factor of c and v.
11
Let n(w) = 8*w - 28. Let s(i) = -i - 3. Let b be s(-9). Let o be n(b). Calculate the highest common divisor of 5 and o.
5
Suppose 2*x = 5*x - 12. Let w be ((-135)/(-18) - 7)*2. What is the highest common divisor of x and w?
1
Suppose 9*h + 13 = 121. Let c be (-1)/(-2)*(-96)/(-8). What is the greatest common divisor of c and h?
6
Suppose -2*a = 10, -5*c = -2*a - 8 - 42. Let i = -249 - -285. What is the highest common factor of c and i?
4
Suppose r - 41 = -4*a, -5*r - 13 = 2. Let f be (-6*8/(-24))/((-1)/(-166)). Suppose -10*q - 2 = -f. Calculate the highest common factor of q and a.
11
Let u(s) = -2*s**2 + 21*s - 13. Let m be u(9). What is the highest common factor of m and 189?
7
Let g(q) = 2*q**3 + 19*q**2 + 45*q + 10. Let j be g(-4). Calculate the highest common divisor of j and 1434.
6
Suppose a = -k + 491, -11 + 5 = 2*k. Calculate the greatest common divisor of 38 and a.
38
Let p(f) = 256*f - 29. Let o be p(2). Calculate the highest common divisor of 21 and o.
21
Let s be (-227)/(-5) - (-4)/(-10). Suppose -4*w = -3*r + 154, -2*r + w + 33 = -68. Let l be 178/10 + 10/r. What is the greatest common factor of s and l?
9
Suppose 4*w + 8 = 0, -2*f + 19 = 5*w - 35. Suppose 2 = -q, f = 2*d + d - q. Calculate the greatest common divisor of d and 30.
10
Suppose 3009 + 241 = 10*x. Let k = x + -195. Calculate the greatest common factor of 10 and k.
10
Let j be 128/256 + 1689/2. Calculate the greatest common divisor of j and 10.
5
Let x = -11 + -3. Let w = -14 - x. Suppose w*j + 5*j = 60. Calculate the highest common divisor of 60 and j.
12
Suppose -3*w = 293 - 857. Let f = -23 + w. Calculate the highest common divisor of f and 15.
15
Suppose 3*n - 33 = 12. Let h be n - (2 + -4 + -3). What is the highest common divisor of h and 60?
20
Let o be 120/((-2 - -3)/(1 - 3)). Let r = -129 - o. Calculate the highest common factor of 37 and r.
37
Suppose 4 = -j + 2. Let n be 0*j/2 + 4. Suppose -290 = -n*u - 2*f, 2*u + 2*u = 3*f + 285. Calculate the greatest common divisor of u and 48.
24
Let o(t) = 3*t - 3*t - 1 - 34*t**2 + 37*t**2. Let l be o(-1). What is the greatest common divisor of l and 5?
1
Let j = 3 + 0. Suppose 2*u + 3*u = o + 146, 2*u = -j*o + 72. Let x = -1 + 76. Calculate the greatest common factor of u and x.
15
Suppose -184 + 46 = -6*l. Suppose -l*z = -25*z + 60. What is the highest common factor of 330 and z?
30
Suppose 0 = -7*q + 137 - 18. Suppose -1 = c - z, -19 = 5*c + 5*z + 16. Let m be c/(-6) - (-98)/6. What is the greatest common factor of q and m?
17
Let f(k) = 26*k**3 + 3*k**2 + 2*k - 1. Let x be f(-2). Let b = x - -300. Calculate the greatest common divisor of 9 and b.
9
Let g = -147 - -152. Suppose -4*j = -g*t - 0*j + 30, 0 = -3*t - j + 35. Calculate the greatest common factor of 15 and t.
5
Let z be 5 + (2 - 7) + -3 + 11. Suppose -2*g = -g - 2. Let q = g + -1. Calculate the highest common factor of q and z.
1
Let p(s) = -3*s**2 + 11*s + 4. Let z be p(5). Let x be 1/4 + (-748)/z. Let v = 66 - x. What is the greatest common factor of 19 and v?
19
Suppose -4*g - 2*t + 9 = -7, g - 9 = 2*t. Suppose 2*q = 4*u - 3*q + 16, 5*q - 25 = -g*u. Calculate the highest common divisor of u and 3.
1
Let o = 819 + -807. What is the greatest common factor of 48 and o?
12
Suppose 2*i - 4*i + 78 = 0. Calculate the greatest common factor of 156 and i.
39
Let f be (-222)/2553 - 922/(-23). Calculate the greatest common factor of 208 and f.
8
Suppose -2*l - 3*h + 22 = 3*l, -2*h = -3*l - 2. Suppose -2*t + 0*o + l*o = -26, 2*t - o - 31 = 0. What is the highest common divisor of t and 126?
18
Let u be -5*(-10)/25*5. What is the greatest common divisor of u and 90?
10
Let t = 124 + -101. Let l(r) = 8*r + 102. Let h be l(t). What is the greatest common factor of h and 26?
26
Let i be 10 + 276 - (-10 + -1). What is the greatest common divisor of i and 11?
11
Suppose -j = 5*z - 6242, -z + 3740 = 2*z - 2*j. Suppose -z = -0*p - 6*p. Calculate the highest common factor of 13 and p.
13
Suppose 0 = 17*b - 5*b - 24. Let z = 4 + -2. What is the greatest common factor of z and b?
2
Let j(i) = -i + 25. Let o(k) = -k**3 + k**2 + 16. Let v be o(0). Let l be j(v). Calculate the highest common factor of 27 and l.
9
Suppose u - 217 = -55. What is the greatest common divisor of 30 and u?
6
Let t = 2928 + -2262. Calculate the greatest common divisor of 126 and t.
18
Let n(j) = 6 + 5*j + 0*j + 2*j. Suppose a + 0*a - 2 = 0. Let b be n(a). Calculate the greatest common factor of b and 8.
4
Suppose -y - 3*v + 18 = 0, 3*v = 8 + 4. Let l be 1*(-33)/(-1)*y. Calculate the greatest common factor of l and 22.
22
Let a(d) = d**3 + 24*d**2 - 23*d + 12. Let y be a(-25). Let x = y + 65. Calculate the greatest common divisor of 189 and x.
27
Let u be 3*(-2 + 5 + 1). Suppose -4*n = -8 - 0. Suppose n*s - 96 = -0*s. Calculate the highest common factor of u and s.
12
Let b(w) = w**2 - w - 2. Let z be b(3). Suppose -z*m - 9 = -25. Suppose 0 = 4*j + j - 160. Calculate the highest common factor of j and m.
4
Suppose -2*b - 92 - 146 = 0. Let s = 199 + b. What is the highest common divisor of s and 32?
16
Let x be -1 + 5 + -6*(-64 + -2). Calculate the highest common divisor of x and 50.
50
Let o be (-346)/(-6) - (-2)/(-3). Suppose 0 = 11*j - 10*j + 6. Let p be 2/j*3*-19. Calcu